48473?
4
What is the ten thousands digit of 565257642?
5
What is the millions digit of 14516951?
4
What is the ten millions digit of 695274401?
9
What is the tens digit of 31110573?
7
What is the units digit of 48855610?
0
What is the hundred thousands digit of 727246434?
2
What is the hundreds digit of 6513589865?
8
What is the ten thousands digit of 5786404998?
0
What is the units digit of 51471310?
0
What is the hundreds digit of 888005235?
2
What is the ten millions digit of 4093520756?
9
What is the tens digit of 219800080?
8
What is the hundred millions digit of 1210626714?
2
What is the thousands digit of 78217214?
7
What is the hundred millions digit of 524202658?
5
What is the units digit of 203002843?
3
What is the ten thousands digit of 4267163812?
6
What is the tens digit of 349359449?
4
What is the ten millions digit of 109619545?
0
What is the thousands digit of 67708160?
8
What is the ten millions digit of 1793284303?
9
What is the ten thousands digit of 141627528?
2
What is the ten thousands digit of 263293470?
9
What is the millions digit of 588621665?
8
What is the hundreds digit of 316770907?
9
What is the tens digit of 3121081979?
7
What is the hundred millions digit of 141237045?
1
What is the millions digit of 99517170?
9
What is the hundreds digit of 2405513?
5
What is the hundred millions digit of 146388557?
1
What is the hundreds digit of 47053223?
2
What is the thousands digit of 399891176?
1
What is the hundred thousands digit of 4482718578?
7
What is the millions digit of 767818994?
7
What is the tens digit of 36570966?
6
What is the thousands digit of 882306543?
6
What is the thousands digit of 515955095?
5
What is the thousands digit of 3553146078?
6
What is the tens digit of 482175294?
9
What is the thousands digit of 62392466?
2
What is the units digit of 615269778?
8
What is the hundred thousands digit of 55201383?
2
What is the ten thousands digit of 211301510?
0
What is the tens digit of 5080942921?
2
What is the units digit of 1001871783?
3
What is the ten thousands digit of 663008144?
0
What is the hundred thousands digit of 286575286?
5
What is the hundreds digit of 55266695?
6
What is the ten millions digit of 1224047625?
2
What is the ten thousands digit of 2855938962?
3
What is the units digit of 251080386?
6
What is the units digit of 46826072?
2
What is the tens digit of 109056272?
7
What is the ten thousands digit of 641321151?
2
What is the ten millions digit of 2848844796?
4
What is the hundreds digit of 1470505475?
4
What is the hundred thousands digit of 62542733?
5
What is the millions digit of 1891407196?
1
What is the units digit of 9162293383?
3
What is the millions digit of 69152514?
9
What is the billions digit of 1706975048?
1
What is the hundred thousands digit of 163743938?
7
What is the hundred thousands digit of 20889426?
8
What is the tens digit of 30096123?
2
What is the hundred millions digit of 4498251509?
4
What is the billions digit of 4217127557?
4
What is the thousands digit of 35216989?
6
What is the hundred millions digit of 331103353?
3
What is the ten thousands digit of 50583152?
8
What is the ten thousands digit of 31367044?
6
What is the billions digit of 3790411121?
3
What is the thousands digit of 719522488?
2
What is the hundreds digit of 1403248145?
1
What is the millions digit of 92826628?
2
What is the ten millions digit of 290777738?
9
What is the millions digit of 4727612274?
7
What is the tens digit of 135839870?
7
What is the units digit of 102882526?
6
What is the hundreds digit of 5214209?
2
What is the millions digit of 219123126?
9
What is the ten millions digit of 2066561143?
6
What is the hundreds digit of 26009702?
7
What is the hundred thousands digit of 47323570?
3
What is the units digit of 200980908?
8
What is the hundred thousands digit of 669650038?
6
What is the tens digit of 39512458?
5
What is the units digit of 7424520007?
7
What is the millions digit of 775353637?
5
What is the ten millions digit of 332221405?
3
What is the hundred thousands digit of 1873563?
8
What is the units digit of 1132505060?
0
What is the millions digit of 98826308?
8
What is the thousands digit of 464169909?
9
What is the ten thousands digit of 1903934923?
3
What is the ten thousands digit of 255131034?
3
What is the hundreds digit of 1914777652?
6
What is the ten thousands digit of 20914330?
1
What is the units digit of 182265110?
0
What is the hundred millions digit of 3334455321?
3
What is the hundred thousands digit of 2954795572?
7
What is the millions digit of 34663889?
4
What is the ten thousands digit of 980418598?
1
What is the hundred thousands digit of 22606771?
6
What is the units digit of 8433498107?
7
What is the billions digit of 2682022655?
2
What is the thousands digit of 3377887720?
7
What is the millions digit of 71984264?
1
What is the hundred thousands digit of 3229898007?
8
What is the hundred thousands digit of 4554543709?
5
What is the millions digit of 334558119?
4
What is the hundred thousands digit of 63028500?
0
What is the units digit of 361514599?
9
What is the ten thousands digit of 2004994866?
9
What is the tens digit of 273868776?
7
What is the thousands digit of 7506146?
6
What is the hundreds digit of 266329365?
3
What is the millions digit of 212465087?
2
What is the billions digit of 3132699455?
3
What is the millions digit of 44996217?
4
What is the millions digit of 80858768?
0
What is the millions digit of 83579866?
3
What is the tens digit of 59057504?
0
What is the hundred millions digit of 847696095?
8
What is the units digit of 212237390?
0
What is the hundred millions digit of 407806666?
4
What is the ten thousands digit of 53539964?
3
What is the tens digit of 58255826?
2
What is the tens digit of 921129401?
0
What is the ten thousands digit of 1122299489?
9
What is the billions digit of 2538697459?
2
What is the hundred millions digit of 399315454?
3
What is the tens digit of 144017456?
5
What is the billions digit of 2126900246?
2
What is the ten millions digit of 642237297?
4
What is the hundred thousands digit of 492606892?
6
What is the ten thousands digit of 10733764?
3
What is the hundred thousands digit of 966763193?
7
What is the hundreds digit of 1180891921?
9
What is the units digit of 1426817932?
2
What is the ten millions digit of 248598193?
4
What is the millions digit of 379506676?
9
What is the hundreds digit of 219473664?
6
What is the billions digit of 3594353637?
3
What is the tens digit of 7076725?
2
What is the ten thousands digit of 7664450634?
5
What is the ten millions digit of 196999744?
9
What is the thousands digit of 154620784?
0
What is the ten millions digit of 33342459?
3
What is the hundred millions digit of 1115050037?
1
What is the units digit of 22088132?
2
What is the thousands digit of 989602370?
2
What is the hundred thousands digit of 58786194?
7
What is the tens digit of 871436567?
6
What is the ten thousands digit of 409180666?
8
What is the units digit of 154633009?
9
What is the hundred thousands digit of 4489446?
4
What is the thousands digit of 165108008?
8
What is the hundred millions digit of 1431213868?
4
What is the hundred thousands digit of 132026494?
0
What is the millions digit of 17914527?
7
What is the tens digit of 33871324?
2
What is the hundred thousands digit of 822287695?
2
What is the hundreds digit of 145903002?
0
What is the ten thousands digit of 1303063921?
6
What is the thousands digit of 1830432836?
2
What is the ten thousands digit of 411526909?
2
What is the tens digit of 73017507?
0
What is the hundreds digit of 87482331?
3
What is the ten thousands digit of 376545601?
4
What is the hundred millions digit of 6626520573?
6
What is the thousands digit of 2829157626?
7
What is the ten millions digit of 1378339261?
7
What is the ten thousands digit of 22985019?
8
What is the millions digit of 54118482?
4
What is the ten thousands digit of 42707525?
0
What is the ten thousands digit of 65703183?
0
What is the ten millions digit of 208645151?
0
What is the millions digit of 7794840?
7
What is the tens digit of 45618587?
8
What is the millions digit of 522970466?
2
What is the hundred millions digit of 2776989579?
7
What is the hundreds digit of 329169758?
